{"id":9507,"date":"2021-12-01T01:28:06","date_gmt":"2021-12-01T06:28:06","guid":{"rendered":"https:\/\/kidstourparis.com\/es\/?page_id=9507"},"modified":"2023-11-21T14:35:46","modified_gmt":"2023-11-21T19:35:46","slug":"paris-real","status":"publish","type":"page","link":"https:\/\/kidstourparis.com\/es\/paris-real\/","title":{"rendered":"Par\u00eds Real"},"content":{"rendered":"<section class=\"wpb-content-wrapper\"><p>[vc_row full_width=\u00bbstretch_row_content\u00bb el_class=\u00bbfila-altura fila-desktop\u00bb el_id=\u00bbtours\u00bb][vc_column][vc_column_text]<\/p>\n<h3 class=\"titulo-decorado\" style=\"text-align: center;\">PAR\u00cdS REAL<\/h3>\n<p>[\/vc_column_text][vc_column_text el_class=\u00bbdescripcion\u00bb]<\/p>\n<p style=\"text-align: justify;\"><span style=\"font-weight: 400;\">Pero, \u00bfno es Francia una Rep\u00fablica? \u00a1Por supuesto! Y cost\u00f3 mucho que lo fuera y por ello no podemos olvidar la historia por la que tuvo que pasar el pueblo de Francia para llegar a ella y es justo de lo que se trata este recorrido donde repasaremos, comenzando en la Plaza de la Concordia, un poco de la Revoluci\u00f3n Francesa y por qu\u00e9 se decidi\u00f3 terminar con la monarqu\u00eda y de qu\u00e9 forma justo para admirar despu\u00e9s la contraparte de la historia a trav\u00e9s del Palacio del El\u00edseo, residencia y oficina del Presidente de la Rep\u00fablica Francesa, hoy en d\u00eda. Contemplaremos despu\u00e9s la hermosa arquitectura del Gran Palacio, el cual es sede hoy en d\u00eda de grandes eventos de talla internacional como reuniones de presidentes o desfiles de moda, en conjunto tambi\u00e9n con el Peque\u00f1o Palacio, sede del Museo de las Bellas Artes de Par\u00eds, ambos construidos para la Exposici\u00f3n Universal de 1900. Finalizaremos el recorrido con el Puente Alejandro III, puente patrimonio de la humanidad declarado por la UNESCO y probablemente el m\u00e1s bello de Par\u00eds, que fue construido para afianzar la alianza franco-rusa.<br \/>\n<\/span><\/p>\n<p>[\/vc_column_text][\/vc_column][vc_column][vc_row_inner equal_height=\u00bbyes\u00bb][vc_column_inner el_class=\u00bbbox-tour\u00bb width=\u00bb1\/3&#8243;][vc_single_image image=\u00bb9285&#8243; img_size=\u00bbfull\u00bb alignment=\u00bbcenter\u00bb onclick=\u00bbcustom_link\u00bb link=\u00bbhttps:\/\/kidstourparis.com\/es\/st_tour\/paris-real\/\u00bb][vc_column_text el_class=\u00bbsubtitulo\u00bb]<\/p>\n<p style=\"text-align: left;\"><strong>Plaza de la Concordia \u25cf Palacio del El\u00edseo \u25cf Peque\u00f1o y Gran Palacio \u25cf Puente Alejandro III<\/strong><\/p>\n<p>[\/vc_column_text][vc_column_text el_class=\u00bbdescripcion\u00bb]<\/p>\n<h4><a href=\"https:\/\/kidstourparis.com\/es\/st_tour\/paris-real\/\">Paquete Individual Par\u00eds Real<\/a><\/h4>\n<p style=\"text-align: justify;\">Paquete para un adulto y un ni\u00f1o (Adultos 15 \u20ac \/ Visita y ni\u00f1os 20 \u20ac \/ Visita)<\/p>\n<p>[\/vc_column_text][vc_btn title=\u00bbRESERVA AQU\u00cd\u00bb style=\u00bb3d\u00bb color=\u00bbjuicy-pink\u00bb size=\u00bbsm\u00bb align=\u00bbcenter\u00bb link=\u00bburl:https%3A%2F%2Fkidstourparis.com%2Fes%2Fst_tour%2Fparis-real%2F|title:Par%C3%ADs%20Real\u00bb][\/vc_column_inner][vc_column_inner el_class=\u00bbbox-tour\u00bb width=\u00bb1\/3&#8243;][vc_single_image image=\u00bb9349&#8243; img_size=\u00bbfull\u00bb alignment=\u00bbcenter\u00bb onclick=\u00bbcustom_link\u00bb link=\u00bbhttps:\/\/kidstourparis.com\/es\/st_tour\/paquete-familiar-paris-real-2-adultos-y-1-nino\/\u00bb][vc_column_text el_class=\u00bbsubtitulo\u00bb]<\/p>\n<p style=\"text-align: left;\"><strong>Plaza de la Concordia \u25cf Palacio del El\u00edseo \u25cf Peque\u00f1o y Gran Palacio \u25cf Puente Alejandro III<\/strong><\/p>\n<p>[\/vc_column_text][vc_column_text el_class=\u00bbdescripcion\u00bb]<\/p>\n<h4><a href=\"https:\/\/kidstourparis.com\/es\/st_tour\/paquete-familiar-paris-real-2-adultos-y-1-nino\/\">Paquete familiar Par\u00eds Real (2 adultos y 1 ni\u00f1o)<\/a><\/h4>\n<p style=\"text-align: justify;\">Paquete para una familia (2 adultos y 1 ni\u00f1o): 45 \u20ac \/ Visita<\/p>\n<p>[\/vc_column_text][vc_btn title=\u00bbRESERVA AQU\u00cd\u00bb style=\u00bb3d\u00bb color=\u00bbjuicy-pink\u00bb size=\u00bbsm\u00bb align=\u00bbcenter\u00bb link=\u00bburl:https%3A%2F%2Fkidstourparis.com%2Fes%2Fst_tour%2Fpaquete-familiar-paris-real-2-adultos-y-1-nino%2F|title:Par%C3%ADs%20Real\u00bb][\/vc_column_inner][vc_column_inner el_class=\u00bbbox-tour\u00bb width=\u00bb1\/3&#8243;][vc_single_image image=\u00bb9351&#8243; img_size=\u00bbfull\u00bb alignment=\u00bbcenter\u00bb onclick=\u00bbcustom_link\u00bb link=\u00bbhttps:\/\/kidstourparis.com\/es\/st_tour\/paquete-familiar-paris-real-2-adultos-y-2-ninos\/\u00bb][vc_column_text el_class=\u00bbsubtitulo\u00bb]<\/p>\n<p style=\"text-align: left;\"><strong>Plaza de la Concordia \u25cf Palacio del El\u00edseo \u25cf Peque\u00f1o y Gran Palacio \u25cf Puente Alejandro III<\/strong><\/p>\n<p>[\/vc_column_text][vc_column_text el_class=\u00bbdescripcion\u00bb]<\/p>\n<h4><a href=\"https:\/\/kidstourparis.com\/es\/st_tour\/paquete-familiar-paris-real-2-adultos-y-2-ninos\/\">Paquete familiar Par\u00eds Real (2 adultos y 2 ni\u00f1os)<\/a><\/h4>\n<p style=\"text-align: justify;\"><span style=\"font-weight: 400;\">Paquete para una familia (2 adultos y 2 menores): 60 \u20ac \/ Visita<\/span><\/p>\n<p>[\/vc_column_text][vc_btn title=\u00bbRESERVA AQU\u00cd\u00bb style=\u00bb3d\u00bb color=\u00bbjuicy-pink\u00bb size=\u00bbsm\u00bb align=\u00bbcenter\u00bb link=\u00bburl:https%3A%2F%2Fkidstourparis.com%2Fes%2Fst_tour%2Fpaquete-familiar-paris-real-2-adultos-y-2-ninos%2F|title:Par%C3%ADs%20Real\u00bb][\/vc_column_inner][\/vc_row_inner][\/vc_column][\/vc_row]<\/p>\n<\/section>","protected":false},"excerpt":{"rendered":"<p>[vc_row full_width=\u00bbstretch_row_content\u00bb el_class=\u00bbfila-altura fila-desktop\u00bb el_id=\u00bbtours\u00bb][vc_column][vc_column_text] PAR\u00cdS REAL [\/vc_column_text][vc_column_text el_class=\u00bbdescripcion\u00bb] Pero, \u00bfno es Francia una Rep\u00fablica? \u00a1Por supuesto! Y cost\u00f3 mucho que lo fuera y por ello no podemos olvidar la historia por la que tuvo que pasar el pueblo de Francia para llegar a ella y es justo de lo que se trata este recorrido [&hellip;]<\/p>\n","protected":false},"author":1,"featured_media":9508,"parent":0,"menu_order":0,"comment_status":"closed","ping_status":"closed","template":"template-home-modern.php","meta":{"footnotes":"","_glsr_average":0,"_glsr_ranking":0,"_glsr_reviews":0,"_joinchat":[]},"_links":{"self":[{"href":"https:\/\/kidstourparis.com\/es\/wp-json\/wp\/v2\/pages\/9507"}],"collection":[{"href":"https:\/\/kidstourparis.com\/es\/wp-json\/wp\/v2\/pages"}],"about":[{"href":"https:\/\/kidstourparis.com\/es\/wp-json\/wp\/v2\/types\/page"}],"author":[{"embeddable":true,"href":"https:\/\/kidstourparis.com\/es\/wp-json\/wp\/v2\/users\/1"}],"replies":[{"embeddable":true,"href":"https:\/\/kidstourparis.com\/es\/wp-json\/wp\/v2\/comments?post=9507"}],"version-history":[{"count":2,"href":"https:\/\/kidstourparis.com\/es\/wp-json\/wp\/v2\/pages\/9507\/revisions"}],"predecessor-version":[{"id":9610,"href":"https:\/\/kidstourparis.com\/es\/wp-json\/wp\/v2\/pages\/9507\/revisions\/9610"}],"wp:featuredmedia":[{"embeddable":true,"href":"https:\/\/kidstourparis.com\/es\/wp-json\/wp\/v2\/media\/9508"}],"wp:attachment":[{"href":"https:\/\/kidstourparis.com\/es\/wp-json\/wp\/v2\/media?parent=9507"}],"curies":[{"name":"wp","href":"https:\/\/api.w.org\/{rel}","templated":true}]}}

París Real

<section class="wpb-content-wrapper"><p>[vc_row full_width=»stretch_row_content» el_class=»fila-altura fila-desktop» el_id=»tours»][vc_column][vc_column_text]</p>
<h3 class="titulo-decorado" style="text-align: center;">PARÍS REAL</h3>
<p>[/vc_column_text][vc_column_text el_class=»descripcion»]</p>
<p style="text-align: justify;"><span style="font-weight: 400;">Pero, ¿no es Francia una República? ¡Por supuesto! Y costó mucho que lo fuera y por ello no podemos olvidar la historia por la que tuvo que pasar el pueblo de Francia para llegar a ella y es justo de lo que se trata este recorrido donde repasaremos, comenzando en la Plaza de la Concordia, un poco de la Revolución Francesa y por qué se decidió terminar con la monarquía y de qué forma justo para admirar después la contraparte de la historia a través del Palacio del Elíseo, residencia y oficina del Presidente de la República Francesa, hoy en día. Contemplaremos después la hermosa arquitectura del Gran Palacio, el cual es sede hoy en día de grandes eventos de talla internacional como reuniones de presidentes o desfiles de moda, en conjunto también con el Pequeño Palacio, sede del Museo de las Bellas Artes de París, ambos construidos para la Exposición Universal de 1900. Finalizaremos el recorrido con el Puente Alejandro III, puente patrimonio de la humanidad declarado por la UNESCO y probablemente el más bello de París, que fue construido para afianzar la alianza franco-rusa.<br />
</span></p>
<p>[/vc_column_text][/vc_column][vc_column][vc_row_inner equal_height=»yes»][vc_column_inner el_class=»box-tour» width=»1/3&#8243;][vc_single_image image=»9285&#8243; img_size=»full» alignment=»center» onclick=»custom_link» link=»https://kidstourparis.com/es/st_tour/paris-real/»][vc_column_text el_class=»subtitulo»]</p>
<p style="text-align: left;"><strong>Plaza de la Concordia ● Palacio del Elíseo ● Pequeño y Gran Palacio ● Puente Alejandro III</strong></p>
<p>[/vc_column_text][vc_column_text el_class=»descripcion»]</p>
<h4><a href="https://kidstourparis.com/es/st_tour/paris-real/">Paquete Individual París Real</a></h4>
<p style="text-align: justify;">Paquete para un adulto y un niño (Adultos 15 € / Visita y niños 20 € / Visita)</p>
<p>[/vc_column_text][vc_btn title=»RESERVA AQUÍ» style=»3d» color=»juicy-pink» size=»sm» align=»center» link=»url:https%3A%2F%2Fkidstourparis.com%2Fes%2Fst_tour%2Fparis-real%2F|title:Par%C3%ADs%20Real»][/vc_column_inner][vc_column_inner el_class=»box-tour» width=»1/3&#8243;][vc_single_image image=»9349&#8243; img_size=»full» alignment=»center» onclick=»custom_link» link=»https://kidstourparis.com/es/st_tour/paquete-familiar-paris-real-2-adultos-y-1-nino/»][vc_column_text el_class=»subtitulo»]</p>
<p style="text-align: left;"><strong>Plaza de la Concordia ● Palacio del Elíseo ● Pequeño y Gran Palacio ● Puente Alejandro III</strong></p>
<p>[/vc_column_text][vc_column_text el_class=»descripcion»]</p>
<h4><a href="https://kidstourparis.com/es/st_tour/paquete-familiar-paris-real-2-adultos-y-1-nino/">Paquete familiar París Real (2 adultos y 1 niño)</a></h4>
<p style="text-align: justify;">Paquete para una familia (2 adultos y 1 niño): 45 € / Visita</p>
<p>[/vc_column_text][vc_btn title=»RESERVA AQUÍ» style=»3d» color=»juicy-pink» size=»sm» align=»center» link=»url:https%3A%2F%2Fkidstourparis.com%2Fes%2Fst_tour%2Fpaquete-familiar-paris-real-2-adultos-y-1-nino%2F|title:Par%C3%ADs%20Real»][/vc_column_inner][vc_column_inner el_class=»box-tour» width=»1/3&#8243;][vc_single_image image=»9351&#8243; img_size=»full» alignment=»center» onclick=»custom_link» link=»https://kidstourparis.com/es/st_tour/paquete-familiar-paris-real-2-adultos-y-2-ninos/»][vc_column_text el_class=»subtitulo»]</p>
<p style="text-align: left;"><strong>Plaza de la Concordia ● Palacio del Elíseo ● Pequeño y Gran Palacio ● Puente Alejandro III</strong></p>
<p>[/vc_column_text][vc_column_text el_class=»descripcion»]</p>
<h4><a href="https://kidstourparis.com/es/st_tour/paquete-familiar-paris-real-2-adultos-y-2-ninos/">Paquete familiar París Real (2 adultos y 2 niños)</a></h4>
<p style="text-align: justify;"><span style="font-weight: 400;">Paquete para una familia (2 adultos y 2 menores): 60 € / Visita</span></p>
<p>[/vc_column_text][vc_btn title=»RESERVA AQUÍ» style=»3d» color=»juicy-pink» size=»sm» align=»center» link=»url:https%3A%2F%2Fkidstourparis.com%2Fes%2Fst_tour%2Fpaquete-familiar-paris-real-2-adultos-y-2-ninos%2F|title:Par%C3%ADs%20Real»][/vc_column_inner][/vc_row_inner][/vc_column][/vc_row]</p>
</section>

<p>[vc_row full_width=»stretch_row_content» el_class=»fila-altura fila-desktop» el_id=»tours»][vc_column][vc_column_text] PARÍS REAL [/vc_column_text][vc_column_text el_class=»descripcion»] Pero, ¿no es Francia una República? ¡Por supuesto! Y costó mucho que lo fuera y por ello no podemos olvidar la historia por la que tuvo que pasar el pueblo de Francia para llegar a ella y es justo de lo que se trata este recorrido [&hellip;]</p>
